{"id":142,"date":"2020-02-24T14:01:31","date_gmt":"2020-02-24T14:01:31","guid":{"rendered":"https:\/\/demosites.io\/lawyers-gb\/?page_id=142"},"modified":"2023-02-03T15:38:53","modified_gmt":"2023-02-03T15:38:53","slug":"a02e5-homepage","status":"publish","type":"page","link":"https:\/\/stein-markus.at\/","title":{"rendered":"Homepage"},"content":{"rendered":"\n<div id=\"wp-block-themeisle-blocks-advanced-columns-b4c18e12\" class=\"wp-block-themeisle-blocks-advanced-columns alignfull has-1-columns has-desktop-equal-layout has-tablet-equal-layout has-mobile-equal-layout has-vertical-unset\"><div class=\"wp-block-themeisle-blocks-advanced-columns-overlay\"><\/div><div class=\"innerblocks-wrap\">\n<div id=\"wp-block-themeisle-blocks-advanced-column-cef12066\" class=\"wp-block-themeisle-blocks-advanced-column\">\n<p id=\"wp-block-themeisle-blocks-advanced-heading-6b0e9002\" class=\"wp-block-themeisle-blocks-advanced-heading wp-block-themeisle-blocks-advanced-heading-6b0e9002\"><strong>Stein Markus<\/strong><\/p>\n\n\n\n<h1 class=\"has-text-align-center has-nv-text-dark-bg-color has-text-color\"> Leistungen im Bereich Schleiftechnik<\/h1>\n<\/div>\n<\/div><\/div>\n\n\n\n<div id=\"wp-block-themeisle-blocks-advanced-columns-9b29ca44\" class=\"wp-block-themeisle-blocks-advanced-columns alignfull has-1-columns has-desktop-equal-layout has-tablet-equal-layout has-mobile-equal-layout has-vertical-unset\"><div class=\"wp-block-themeisle-blocks-advanced-columns-overlay\"><\/div><div class=\"innerblocks-wrap\">\n<div id=\"wp-block-themeisle-blocks-advanced-column-86c8f629\" class=\"wp-block-themeisle-blocks-advanced-column\">\n<p id=\"wp-block-themeisle-blocks-advanced-heading-c688fcb5\" class=\"wp-block-themeisle-blocks-advanced-heading wp-block-themeisle-blocks-advanced-heading-c688fcb5\"> <strong>CONTACT<\/strong> <\/p>\n\n\n\n<h2 class=\"has-text-align-center\"> So erreichen Sie uns<\/h2>\n<\/div>\n<\/div><\/div>\n\n\n\n<div id=\"wp-block-themeisle-blocks-advanced-columns-90845b53\" class=\"wp-block-themeisle-blocks-advanced-columns alignfull has-3-columns has-desktop-equal-layout has-tablet-equal-layout has-mobile-collapsedRows-layout has-vertical-unset\"><div class=\"wp-block-themeisle-blocks-advanced-columns-overlay\"><\/div><div class=\"innerblocks-wrap\">\n<div id=\"wp-block-themeisle-blocks-advanced-column-f4d0871c\" class=\"wp-block-themeisle-blocks-advanced-column\">\n<div class=\"wp-block-themeisle-blocks-service\">\n<div id=\"wp-block-themeisle-blocks-font-awesome-icons-6c3ffa57\" class=\"wp-block-themeisle-blocks-font-awesome-icons\"><span class=\"wp-block-themeisle-blocks-font-awesome-icons-container\"><i class=\"fas fa-mail-bulk\"><\/i><\/span><\/div>\n\n\n\n<h4 id=\"wp-block-themeisle-blocks-advanced-heading-0581cdc3\" class=\"wp-block-themeisle-blocks-advanced-heading wp-block-themeisle-blocks-advanced-heading-0581cdc3\"> E-Mail <\/h4>\n\n\n\n<p id=\"wp-block-themeisle-blocks-advanced-heading-6965a25d\" class=\"wp-block-themeisle-blocks-advanced-heading wp-block-themeisle-blocks-advanced-heading-6965a25d\">office@stein-markus.at<\/p>\n<\/div>\n<\/div>\n\n\n\n<div id=\"wp-block-themeisle-blocks-advanced-column-78524861\" class=\"wp-block-themeisle-blocks-advanced-column\">\n<div class=\"wp-block-themeisle-blocks-service\">\n<div id=\"wp-block-themeisle-blocks-font-awesome-icons-fcd21217\" class=\"wp-block-themeisle-blocks-font-awesome-icons\"><span class=\"wp-block-themeisle-blocks-font-awesome-icons-container\"><i class=\"fas fa-phone-alt\"><\/i><\/span><\/div>\n\n\n\n<h4 id=\"wp-block-themeisle-blocks-advanced-heading-92773087\" class=\"wp-block-themeisle-blocks-advanced-heading wp-block-themeisle-blocks-advanced-heading-92773087\">Telefon <\/h4>\n\n\n\n<p id=\"wp-block-themeisle-blocks-advanced-heading-3c1720c1\" class=\"wp-block-themeisle-blocks-advanced-heading wp-block-themeisle-blocks-advanced-heading-3c1720c1\">+ 43 316\/22 50 05-0<\/p>\n<\/div>\n<\/div>\n\n\n\n<div id=\"wp-block-themeisle-blocks-advanced-column-bf96f229\" class=\"wp-block-themeisle-blocks-advanced-column\">\n<div class=\"wp-block-themeisle-blocks-service\">\n<div id=\"wp-block-themeisle-blocks-font-awesome-icons-49d8a89c\" class=\"wp-block-themeisle-blocks-font-awesome-icons\"><span class=\"wp-block-themeisle-blocks-font-awesome-icons-container\"><i class=\"fas fa-address-book\"><\/i><\/span><\/div>\n\n\n\n<h4 id=\"wp-block-themeisle-blocks-advanced-heading-0ce47501\" class=\"wp-block-themeisle-blocks-advanced-heading wp-block-themeisle-blocks-advanced-heading-0ce47501\"> Adresse <\/h4>\n\n\n\n<p id=\"wp-block-themeisle-blocks-advanced-heading-2f996a58\" class=\"wp-block-themeisle-blocks-advanced-heading wp-block-themeisle-blocks-advanced-heading-2f996a58\"> Mariengasse 30, A-8020 Graz<\/p>\n<\/div>\n<\/div>\n<\/div><\/div>\n\n\n\n<div id=\"wp-block-themeisle-blocks-advanced-columns-bbd14463\" class=\"wp-block-themeisle-blocks-advanced-columns alignfull has-1-columns has-desktop-equal-layout has-tablet-equal-layout has-mobile-equal-layout has-vertical-unset\"><div class=\"wp-block-themeisle-blocks-advanced-columns-overlay\"><\/div><div class=\"innerblocks-wrap\">\n<div id=\"wp-block-themeisle-blocks-advanced-column-369727e4\" class=\"wp-block-themeisle-blocks-advanced-column\">\n<h2 class=\"has-text-align-center has-36-px-font-size\"> Unsere Schleiftechnik ist Ihre High-End-L\u00f6sung!<\/h2>\n<\/div>\n<\/div><\/div>\n\n\n\n<div id=\"wp-block-themeisle-blocks-advanced-columns-704b200e\" class=\"wp-block-themeisle-blocks-advanced-columns alignfull has-1-columns has-desktop-equal-layout has-tablet-equal-layout has-mobile-equal-layout has-vertical-center\"><div class=\"wp-block-themeisle-blocks-advanced-columns-overlay\"><\/div><div class=\"innerblocks-wrap\">\n<div id=\"wp-block-themeisle-blocks-advanced-column-a49f24dd\" class=\"wp-block-themeisle-blocks-advanced-column\">\n<p class=\"has-text-align-left has-medium-font-size\">S\u00e4mtliche Schleifdienstleistungen von Klein- bis Gro\u00dffl\u00e4chen\/Untergrundvorbereitungen<br>Entschichtungen<br>Schleifen von Estrichen<br>Industrieb\u00f6den\/Sanierungen von Natursteinb\u00f6den<br>Terrazzob\u00f6den<br>Betonwerksteinfl\u00e4chen\/Oberfl\u00e4chen-optimierung und -veredelungen<br>Herstellung und Erzeugung von oberfl\u00e4chenfertigen Design-Estrichb\u00f6den\/SAFEpro-Oberfl\u00e4chen mit Hochglanz\/Rohbeton-Tiefenschliff-Arbeiten <br>und vieles mehr &#8230;<\/p>\n<\/div>\n<\/div><\/div>\n\n\n\n<div id=\"wp-block-themeisle-blocks-advanced-columns-9701c324\" class=\"wp-block-themeisle-blocks-advanced-columns alignfull has-1-columns has-desktop-equal-layout has-tablet-equal-layout has-mobile-equal-layout has-vertical-center\"><div class=\"wp-block-themeisle-blocks-advanced-columns-overlay\"><\/div><div class=\"innerblocks-wrap\">\n<div id=\"wp-block-themeisle-blocks-advanced-column-a49f24dd\" class=\"wp-block-themeisle-blocks-advanced-column\">\n<p><\/p>\n<\/div>\n<\/div><\/div>\n\n\n\n<div id=\"wp-block-themeisle-blocks-advanced-columns-39084a76\" class=\"wp-block-themeisle-blocks-advanced-columns alignfull has-2-columns has-desktop-equal-layout has-tablet-equal-layout has-mobile-collapsedRows-layout has-vertical-center\"><div class=\"wp-block-themeisle-blocks-advanced-columns-overlay\"><\/div><div class=\"innerblocks-wrap\">\n<div id=\"wp-block-themeisle-blocks-advanced-column-cc9476c5\" class=\"wp-block-themeisle-blocks-advanced-column\">\n<h2>Beispiele <\/h2>\n\n\n\n<ul>\n<li>Estrich- und Industrieb\u00f6den f\u00fcr Werkst\u00e4tten<\/li>\n\n\n\n<li>Produktions-, Logistik- und Lagerbereiche<\/li>\n\n\n\n<li>f\u00fcr Gewerbe und Handel<\/li>\n\n\n\n<li>f\u00fcr Lebensmittel- und Non-Food-Branchen. <\/li>\n\n\n\n<li>Oberfl\u00e4chenoptimierte B\u00f6den f\u00fcr rutschfeste, betriebssichere, staubfreie B\u00f6den im Bereich Verkauf, Kunden, Mitarbeiter im repr\u00e4sentativen Bereich<\/li>\n\n\n\n<li><\/li>\n<\/ul>\n\n\n\n<p><\/p>\n\n\n\n<div id=\"wp-block-themeisle-blocks-button-group-22fd34ad\" class=\"wp-block-themeisle-blocks-button-group wp-block-buttons\">\n<div id=\"wp-block-themeisle-blocks-button-e4b6e951\" class=\"wp-block-themeisle-blocks-button wp-block-button\"><a href=\"https:\/\/stein-markus.at\/the-law-firm\/\" target=\"_self\" rel=\"noopener noreferrer\" class=\"wp-block-button__link\"><span>WEITERLESEN<\/span><\/a><\/div>\n<\/div>\n<\/div>\n\n\n\n<div id=\"wp-block-themeisle-blocks-advanced-column-c691cf38\" class=\"wp-block-themeisle-blocks-advanced-column\">\n<div class=\"wp-block-cover is-light\"><span aria-hidden=\"true\" class=\"wp-block-cover__background has-background-dim-0 has-background-dim\"><\/span><img decoding=\"async\" loading=\"lazy\" width=\"590\" height=\"378\" class=\"wp-block-cover__image-background wp-image-231\" alt=\"\" src=\"https:\/\/stein-markus.at\/wp-content\/uploads\/2023\/01\/aussenanlage.jpeg\" data-object-fit=\"cover\" srcset=\"https:\/\/stein-markus.at\/wp-content\/uploads\/2023\/01\/aussenanlage.jpeg 590w, https:\/\/stein-markus.at\/wp-content\/uploads\/2023\/01\/aussenanlage-300x192.jpeg 300w\" sizes=\"(max-width: 590px) 100vw, 590px\" \/><div class=\"wp-block-cover__inner-container\">\n<p class=\"has-text-align-center has-large-font-size\"><\/p>\n<\/div><\/div>\n<\/div>\n<\/div><\/div>\n\n\n\n<div id=\"wp-block-themeisle-blocks-advanced-columns-ff8bdb9c\" class=\"wp-block-themeisle-blocks-advanced-columns alignfull has-1-columns has-desktop-equal-layout has-tablet-equal-layout has-mobile-equal-layout has-vertical-unset\"><div class=\"wp-block-themeisle-blocks-advanced-columns-overlay\"><\/div><div class=\"innerblocks-wrap\">\n<div id=\"wp-block-themeisle-blocks-advanced-column-11657890\" class=\"wp-block-themeisle-blocks-advanced-column\">\n<h2 class=\"has-text-align-center has-36-px-font-size\"> WAS WIR TUN <\/h2>\n<\/div>\n<\/div><\/div>\n\n\n\n<div id=\"wp-block-themeisle-blocks-advanced-columns-a93dd9b1\" class=\"wp-block-themeisle-blocks-advanced-columns alignfull has-2-columns has-desktop-twoOne-layout has-tablet-equal-layout has-mobile-collapsedRows-layout has-vertical-unset\"><div class=\"wp-block-themeisle-blocks-advanced-columns-overlay\"><\/div><div class=\"innerblocks-wrap\">\n<div id=\"wp-block-themeisle-blocks-advanced-column-7efaa263\" class=\"wp-block-themeisle-blocks-advanced-column\">\n<h3>Natur- und Betonwerk-Stein, Terrazzo<\/h3>\n\n\n\n<p>Verlorene Optik in Hinsicht auf Sch\u00f6nheit, Sauberkeit und Werterhalt haben uns schon immer bei der Be- und Verarbeitung von Natur- und Kunststeinen als Herausforderung angetrieben, L\u00f6sungen auszuarbeiten und neu zu finden: Mit dem SAFEpro-System k\u00f6nnen wir es m\u00f6glich machen, Stein zu sch\u00fctzen und rutschsicher zu veredeln. Die SAFEpro-B\u00f6den sind langlebig und h\u00f6chst belastbar, beliebig im Oberfl\u00e4chenglanz herstellbar und zuguterletzt jederzeit wiederaufbereitbar &#8211; eine L\u00f6sung die also h\u00e4lt, was sie verspricht! Wir f\u00fchren vom Grundschliff bis zum Hochglanzschliff oder auch geschliffen und geb\u00fcrstete Oberfl\u00e4chen aus.<\/p>\n<\/div>\n\n\n\n<div id=\"wp-block-themeisle-blocks-advanced-column-6804ccc4\" class=\"wp-block-themeisle-blocks-advanced-column\"><div class=\"wp-block-image\">\n<figure class=\"aligncenter size-full is-resized\"><img decoding=\"async\" loading=\"lazy\" src=\"https:\/\/stein-markus.at\/wp-content\/uploads\/2023\/02\/beratung2.jpeg\" alt=\"\" class=\"wp-image-263\" width=\"326\" height=\"326\"\/><\/figure><\/div><\/div>\n<\/div><\/div>\n\n\n\n<div id=\"wp-block-themeisle-blocks-advanced-columns-a93dd9b1\" class=\"wp-block-themeisle-blocks-advanced-columns alignfull has-2-columns has-desktop-twoOne-layout has-tablet-equal-layout has-mobile-collapsedRows-layout has-vertical-unset\"><div class=\"wp-block-themeisle-blocks-advanced-columns-overlay\"><\/div><div class=\"innerblocks-wrap\">\n<div id=\"wp-block-themeisle-blocks-advanced-column-7efaa263\" class=\"wp-block-themeisle-blocks-advanced-column\">\n<h3>Estrich\/Industrieb\u00f6den &#8211; Rohbeton\/Ortsbeton<\/h3>\n\n\n\n<p>Mit unseren leistungsf\u00e4higen Maschinen haben wir Kraftpakete am Schleif- maschinen-Sektor, die in Sachen Fl\u00e4chenleistung und Schleifgeschwindigkeit das optimalste Ergebnis erzeugen k\u00f6nnen.\u00a0 <\/p>\n\n\n\n<p>Wir bearbeiten Estriche\/&#8220;gefl\u00fcgelte&#8220; Estriche sowie alle Arten von Industrieb\u00f6den zu oberfl\u00e4chenfertigen B\u00f6den mit allen Vorteilen und Nutzen, die Sie f\u00fcr die Beanspruchung haben m\u00f6chten. Derart bearbeitete B\u00f6den k\u00f6nnen geschliffen oder poliert ausgef\u00fchrt werden, sind preiswerte Alternativen und zus\u00e4tzlich wartungsfreier und hochwertiger. <\/p>\n\n\n\n<p>Auch Beton l\u00e4\u00dft sich zu fertigen Oberfl\u00e4chen veredeln, z.B. mit Tiefenschliff auf eingebrachtem Ortsbeton!<\/p>\n<\/div>\n\n\n\n<div id=\"wp-block-themeisle-blocks-advanced-column-e2aa0b01\" class=\"wp-block-themeisle-blocks-advanced-column\"><div class=\"wp-block-image\">\n<figure class=\"aligncenter size-full is-resized\"><img decoding=\"async\" loading=\"lazy\" src=\"https:\/\/stein-markus.at\/wp-content\/uploads\/2023\/02\/beratung.jpeg\" alt=\"\" class=\"wp-image-267\" width=\"326\" height=\"326\"\/><\/figure><\/div><\/div>\n<\/div><\/div>\n\n\n\n<div id=\"wp-block-themeisle-blocks-advanced-columns-1f4f7148\" class=\"wp-block-themeisle-blocks-advanced-columns alignfull has-2-columns has-desktop-twoOne-layout has-tablet-equal-layout has-mobile-collapsedRows-layout has-vertical-unset\"><div class=\"wp-block-themeisle-blocks-advanced-columns-overlay\"><\/div><div class=\"innerblocks-wrap\">\n<div id=\"wp-block-themeisle-blocks-advanced-column-1c7638c2\" class=\"wp-block-themeisle-blocks-advanced-column\">\n<h3>Untergrundvorbereitung, Entschichtung, Fr\u00e4sverfahren<\/h3>\n\n\n\n<p><strong>Wir sind bei Schwierigkeiten und Problemen des Untergrunds behilflich:<\/strong><\/p>\n\n\n\n<p>Fr\u00e4sen, Gl\u00e4tten und auf Niveau bringen z\u00e4hlt dabei zum schleiftechnischen Bereich, den unsere Spezialwerkeugsysteme abdecken k\u00f6nnen. <\/p>\n\n\n\n<p>Das Schleifen vor der Verlegung von Oberb\u00f6den oder dem Aufbringen von Beschichtungen und Versiegelungen stellt hier einen starken Bestandteil dar. Wir erzeugen hier mineralisch saubere Untergr\u00fcnde zeitsparend und ergebnissicher.<\/p>\n<\/div>\n\n\n\n<div id=\"wp-block-themeisle-blocks-advanced-column-e2aa0b01\" class=\"wp-block-themeisle-blocks-advanced-column\"><div class=\"wp-block-image\">\n<figure class=\"aligncenter size-full is-resized\"><img decoding=\"async\" loading=\"lazy\" src=\"https:\/\/stein-markus.at\/wp-content\/uploads\/2023\/02\/bearbeitung.jpeg\" alt=\"\" class=\"wp-image-269\" width=\"326\" height=\"326\"\/><\/figure><\/div><\/div>\n<\/div><\/div>\n\n\n\n<div id=\"wp-block-themeisle-blocks-advanced-columns-1f4f7148\" class=\"wp-block-themeisle-blocks-advanced-columns alignfull has-2-columns has-desktop-twoOne-layout has-tablet-equal-layout has-mobile-collapsedRows-layout has-vertical-unset\"><div class=\"wp-block-themeisle-blocks-advanced-columns-overlay\"><\/div><div class=\"innerblocks-wrap\">\n<div id=\"wp-block-themeisle-blocks-advanced-column-1c7638c2\" class=\"wp-block-themeisle-blocks-advanced-column\">\n<h3>Sanierung &#8211; best\u00e4ndig und sch\u00f6n!<\/h3>\n\n\n\n<p>Wie immer auch Ihr Naturstein\/Kunststein\/Terrazzo im Innen- und Au\u00dfenbereich aussehen mag, wir sind Ihr Partner f\u00fcr die Instandsetzung, Reparatur, Reinigung und Pflege Ihres Steines. <\/p>\n\n\n\n<p><strong>Wir wissen, wie Stein sich revitalisieren und wieder richtig in Szene setzen l\u00e4\u00dft. <\/strong>Wir sanieren, reinigen und pflegen Stein im Alt- und Neubau. Wir schleifen B\u00f6den und Stufen vor Ort, beseitigen Unregelm\u00e4\u00dfigkeiten in Oberfl\u00e4che und Verlegung, f\u00fchren Ausbesserungen\/ Kittungen\/Plombierungen durch und lassen Ihren Stein dadurch wieder in seiner urspr\u00fcnglichen Sch\u00f6nheit neu entstehen. <\/p>\n\n\n\n<p>Technisches Equipment und Know-how sind hier unsere St\u00e4rken.<\/p>\n<\/div>\n\n\n\n<div id=\"wp-block-themeisle-blocks-advanced-column-152e8463\" class=\"wp-block-themeisle-blocks-advanced-column\"><div class=\"wp-block-image\">\n<figure class=\"aligncenter size-full is-resized\"><img decoding=\"async\" loading=\"lazy\" src=\"https:\/\/stein-markus.at\/wp-content\/uploads\/2023\/02\/sanierung.jpeg\" alt=\"\" class=\"wp-image-271\" width=\"326\" height=\"326\"\/><\/figure><\/div><\/div>\n<\/div><\/div>\n\n\n\n<div id=\"wp-block-themeisle-blocks-advanced-columns-92eaf738\" class=\"wp-block-themeisle-blocks-advanced-columns alignfull has-1-columns has-desktop-equal-layout has-tablet-equal-layout has-mobile-equal-layout has-vertical-unset\"><div class=\"wp-block-themeisle-blocks-advanced-columns-overlay\"><\/div><div class=\"innerblocks-wrap\">\n<div id=\"wp-block-themeisle-blocks-advanced-column-542628c9\" class=\"wp-block-themeisle-blocks-advanced-column\">\n<blockquote class=\"wp-block-quote\">\n<h2 id=\"wp-block-themeisle-blocks-advanced-heading-cbe684d8\" class=\"wp-block-themeisle-blocks-advanced-heading wp-block-themeisle-blocks-advanced-heading-cbe684d8\">&#8222;SAFEPRO IST F\u00dcR DEN BODEN ALS OBERFL\u00c4CHENVEREDELUNG DIE ANTWORT F\u00dcR WERTERHALTUNG UND SCH\u00d6NHEIT&#8220;<\/h2>\n<cite>&#8230; fragen Sie uns!<\/cite><\/blockquote>\n<\/div>\n<\/div><\/div>\n\n\n\n<div id=\"wp-block-themeisle-blocks-advanced-columns-47225228\" class=\"wp-block-themeisle-blocks-advanced-columns alignfull has-1-columns has-desktop-equal-layout has-tablet-equal-layout has-mobile-equal-layout has-vertical-unset\"><div class=\"wp-block-themeisle-blocks-advanced-columns-overlay\"><\/div><div class=\"innerblocks-wrap\">\n<div id=\"wp-block-themeisle-blocks-advanced-column-b6745044\" class=\"wp-block-themeisle-blocks-advanced-column\">\n<p id=\"wp-block-themeisle-blocks-advanced-heading-407fe3d8\" class=\"wp-block-themeisle-blocks-advanced-heading wp-block-themeisle-blocks-advanced-heading-407fe3d8\"> <strong>CONTACT<\/strong> <\/p>\n\n\n\n<h2 class=\"has-text-align-center\">So erreichen Sie uns.<\/h2>\n\n\n\n<div style=\"height:20px\" aria-hidden=\"true\" class=\"wp-block-spacer\"><\/div>\n\n\n\n<div class=\"is-layout-flex wp-block-buttons\">\n<div class=\"wp-block-button has-custom-width wp-block-button__width-50\"><a class=\"wp-block-button__link has-neve-link-color-background-color has-background wp-element-button\" href=\"mailto:office@stein-markus.at\" target=\"_blank\" rel=\"noreferrer noopener\">Schreiben Sie uns<\/a><\/div>\n\n\n\n<div class=\"wp-block-button has-custom-width wp-block-button__width-50\"><a class=\"wp-block-button__link has-neve-link-color-background-color has-background wp-element-button\">+43 316 225 005<\/a><\/div>\n<\/div>\n<\/div>\n<\/div><\/div>\n","protected":false},"excerpt":{"rendered":"","protected":false},"author":1,"featured_media":0,"parent":0,"menu_order":0,"comment_status":"closed","ping_status":"closed","template":"page-templates\/template-pagebuilder-full-width.php","meta":{"neve_meta_sidebar":"full-width","neve_meta_container":"contained","neve_meta_enable_content_width":"on","neve_meta_content_width":100,"neve_meta_title_alignment":"","neve_meta_author_avatar":"","neve_post_elements_order":"","neve_meta_disable_header":"","neve_meta_disable_footer":"","neve_meta_disable_title":"on","_themeisle_gutenberg_block_has_review":false,"_ti_tpc_template_sync":false,"_ti_tpc_template_id":"aar0h9z8vlrqwo62mu6h"},"_links":{"self":[{"href":"https:\/\/stein-markus.at\/index.php?rest_route=\/wp\/v2\/pages\/142"}],"collection":[{"href":"https:\/\/stein-markus.at\/index.php?rest_route=\/wp\/v2\/pages"}],"about":[{"href":"https:\/\/stein-markus.at\/index.php?rest_route=\/wp\/v2\/types\/page"}],"author":[{"embeddable":true,"href":"https:\/\/stein-markus.at\/index.php?rest_route=\/wp\/v2\/users\/1"}],"replies":[{"embeddable":true,"href":"https:\/\/stein-markus.at\/index.php?rest_route=%2Fwp%2Fv2%2Fcomments&post=142"}],"version-history":[{"count":41,"href":"https:\/\/stein-markus.at\/index.php?rest_route=\/wp\/v2\/pages\/142\/revisions"}],"predecessor-version":[{"id":297,"href":"https:\/\/stein-markus.at\/index.php?rest_route=\/wp\/v2\/pages\/142\/revisions\/297"}],"wp:attachment":[{"href":"https:\/\/stein-markus.at\/index.php?rest_route=%2Fwp%2Fv2%2Fmedia&parent=142"}],"curies":[{"name":"wp","href":"https:\/\/api.w.org\/{rel}","templated":true}]}}